In base 7, what is -3 - 301?
-304
In base 6, what is 13 + 21?
34
In base 14, what is 5 - -125?
12a
In base 9, what is 3 + 48?
52
In base 8, what is 147 - 5?
142
In base 12, what is 140 - -15?
155
In base 5, what is 1 + -240132?
-240131
In base 13, what is -5 - 574?
-579
In base 13, what is -1 - 404?
-405
In base 9, what is -5 - 8?
-14
In base 10, what is 41 + -1?
40
In base 8, what is -44 - -34?
-10
In base 7, what is 3 + -31330?
-31324
In base 8, what is 0 - 2055?
-2055
In base 5, what is 1 + 123314?
123320
In base 10, what is 68 + 47?
115
In base 15, what is 17 - 7?
10
In base 14, what is 0 - -11a8?
11a8
In base 14, what is -3 + -612?
-615
In base 7, what is 11434 - 1?
11433
In base 9, what is 152 + -5?
146
In base 16, what is 95e - -2?
960
In base 14, what is -15 - 234?
-249
In base 8, what is -5 - -64?
57
In base 14, what is 4 - 253?
-24d
In base 10, what is 11 + -31?
-20
In base 8, what is -27604 + -2?
-27606
In base 13, what is -b - 1?
-c
In base 12, what is -61 + -10?
-71
In base 11, what is 2a + 4?
33
In base 2, what is -101 - -110111100?
110110111
In base 3, what is -1010212 + -2?
-1010221
In base 10, what is 2 + 1850?
1852
In base 7, what is 2 - -53?
55
In base 10, what is -3 + -1965?
-1968
In base 14, what is 5 - 11?
-a
In base 7, what is 4 + 2541?
2545
In base 15, what is -11 - 21?
-32
In base 5, what is 202 + -3?
144
In base 13, what is 3 + -6?
-3
In base 5, what is 143313 + 4?
143322
In base 8, what is 70 - -5?
75
In base 7, what is -2 - 63?
-65
In base 15, what is -1 + -41?
-42
In base 13, what is 847 - 1?
846
In base 10, what is -4 - -1133?
1129
In base 10, what is 5 + -55?
-50
In base 7, what is -13 + -13?
-26
In base 15, what is -e - 42?
-51
In base 10, what is -2 - -64?
62
In base 5, what is -2343 + 2?
-2341
In base 4, what is -222100 + 10?
-222030
In base 2, what is 101 - 1010111?
-1010010
In base 12, what is 71 + 22?
93
In base 4, what is 3 - -201300?
201303
In base 2, what is -1 - 11110101?
-11110110
In base 7, what is 104 - 56?
15
In base 11, what is 18 - -38?
55
In base 12, what is 633 - -2?
635
In base 11, what is 348 + 1?
349
In base 7, what is -2531 - 11?
-2542
In base 10, what is 22 - 182?
-160
In base 11, what is -1 - 41?
-42
In base 4, what is 233 - -11?
310
In base 16, what is -9 + 1f?
16
In base 10, what is -2087 + -2?
-2089
In base 6, what is -10 - -32?
22
In base 5, what is -424424 - -2?
-424422
In base 4, what is 23 - 1122?
-1033
In base 11, what is -374 - 4?
-378
In base 2, what is 100010011010 + 0?
100010011010
In base 5, what is 1120223 + 1?
1120224
In base 6, what is -2 + 310?
304
In base 10, what is -2 + 748?
746
In base 13, what is -1c - -12?
-a
In base 11, what is -740 - 5?
-745
In base 4, what is -3 - -1102001?
1101332
In base 7, what is -13 + 46?
33
In base 12, what is 123 - 5?
11a
In base 12, what is -a3 + 7?
-98
In base 16, what is 7b7 - 3?
7b4
In base 14, what is -180 - 5?
-185
In base 12, what is 3 - -79?
80
In base 8, what is 2 - -17?
21
In base 3, what is 2111122 + 1?
2111200
In base 9, what is 5 - -16?
22
In base 2, what is 110 + 110100111?
110101101
In base 13, what is 458 + -1?
457
In base 3, what is 21122 + 11?
21210
In base 16, what is 15 + 2?
17
In base 10, what is 4 - -1125?
1129
In base 13, what is -3 + 27?
24
In base 11, what is 1 + 4a7?
4a8
In base 13, what is 1 + -2a3?
-2a2
In base 7, what is 3 + -151?
-145
In base 7, what is 4 - 336?
-332
In base 4, what is -2 + -111302?
-111310
In base 6, what is -30 - -205?
135
In base 16, what is -216 - -13?
-203
In base 16, what is -5 + -56?
-5b
In base 9, what is 1565 + 1?
1566
In base 11, what is -226 + 1?
-225
In base 12, what is -558 - 6?
-562
In base 4, what is 3 + 21201?
21210
In base 2, what is 100 - 1100111101?
-1100111001
In base 7, what is 3351 + -4?
3344
In base 2, what is 11110001101 - -100?
11110010001
In base 13, what is -3 + 128c?
1289
In base 15, what is -1 + -210e?
-2110
In base 4, what is 11 - 10330?
-10313
In base 16, what is 99 + 3?
9c
In base 15, what is -2 - 2c?
-2e
In base 3, what is -22120 - -1002?
-21111
In base 9, what is -160 - 4?
-164
In base 14, what is 4 + 3?
7
In base 2, what is 101 - -10001100?
10010001
In base 6, what is 2 + -450?
-444
In base 8, what is -1 - 50?
-51
In base 4, what is -2 + -12331?
-12333
In base 16, what is 52 - 5a?
-8
In base 13, what is -1 + -44?
-45
In base 14, what is 1 - 2c?
-2b
In base 6, what is 5 - -330?
335
In base 4, what is -2 + -32?
-100
In base 13, what is 286 + -1?
285
In base 11, what is 1a - -8?
27
In base 4, what is 12333 - 2?
12331
In base 3, what is 2200 - 22?
2101
In base 12, what is -316b + -2?
-3171
In base 4, what is -1 + -1210313?
-1210320
In base 3, what is 1 - -2011?
2012
In base 2, what is 101110000 + -1?
101101111
In base 13, what is 1 - c07?
-c06
In base 16, what is -1147 - 3?
-114a
In base 14, what is 3 + -24d?
-24a
In base 5, what is -10021 - -4?
-10012
In base 4, what is -331 + -203?
-1200
In base 3, what is -2 + -10100?
-10102
In base 16, what is 19 + e?
27
In base 12, what is 5 - -5?
a
In base 7, what is 4 - 343?
-336
In base 16, what is 152 + 2b?
17d
In base 8, what is 472 + -12?
460
In base 13, what is 5 + a3?
a8
In base 8, what is -133 + 47?
-64
In base 6, what is 10413 + -1?
10412
In base 3, what is 12122220 + 12?
12200002
In base 11, what is 2912 - 0?
2912
In base 11, what is -4722 + -6?
-4728
In base 16, what is ba - 1?
b9
In base 14, what is -29 - -18?
-11
In base 3, what is -200022 + -10?
-200102
In base 4, what is 12233 - 11?
12222
In base 2, what is -101 - 100100111?
-100101100
In base 3, what is 1122 + 1?
1200
In base 10, what is 126 + 2?
128
In base 3, what is 0 - -110202?
110202
In base 12, what is -497 - 0?
-497
In base 15, what is 2 - -71a?
71c
In base 11, what is -1 - -16?
15
In base 13, what is -13 + 4?
-c
In base 4, what is 12332 + -2?
12330
In base 8, what is 5 + -62?
-55
In base 7, what is -12 - -3?
-6
In base 7, what is -3 + -252?
-255
In base 12, what is -10a + 60?
-6a
In base 14, what is -24 - -3?
-21
In base 8, what is 0 - 3150?
-3150
In base 6, what is -115 + 51?
-24
In base 8, what is -40 + 6?
-32
In base 5, what is 10 + -113?
-103
In base 11, what is 19 + 102?
120
In base 10, what is 397 - -5?
402
In base 15, what is -180 + 1?
-17e
In base 7, what is 31203 + -2?
31201
In base 14, what is 39 - -11d?
158
In base 8, what is 1321 - 1?
1320
In base 11, what is -2a29 + -5?
-2a33
In base 10, what is 140 + -1?
139
In base 13, what is -1 + c?
b
In base 13, what is -b + -641?
-64c
In base 14, what is -2 - -b6?
b4
In base 5, what is 234 + -434?
-200
In base 2, what is 101 + 1101100101?
1101101010
In base 2, what is 10 - -101111000?
101111010
In base 14, what is 0 - -196?
196
In base 13, what is 4c77 + -1?
4c76
In base 14, what is 203 + -9?
1d8
In base 12, what is -412 + -2?
-414
In base 11, what is -a - 61?
-70
In base 11, what is -46 - 5?
-50
In base 15, what is -2 + -bb?
-bd
In base 9, what is 1 + -516?
-515
In base 4, what is -2230 + 11?
-2213
In base 8, what is -4 + -164?
-170
In base 2, what is 111100101 - -1010?
111101111
In base 11, what is -315 - -2?
-313
In base 15, what is 3a + 2?
3c
In base 12, what is -2200 - 5?
-2205
In base 4, what is 113 - -2?
121
In base 7, what is -2400 - 3?
-2403
In base 9, what is 317 - -2?
320
In base 9, what is -322 - -2?
-320
In base 3, what is -1022 - 12?
-1111
In base 9, what is -11375 + 1?
-11374
In base 6, what is -324 + -4?
-332
In base 5, what is 31 + 11?
42
In base 11, what is a + -64?
-55
In base 10, what is 4 - 31?
-27
In base 11, what is -77 - 2?
-79
In base 14, what is -4 + -13?
-17
In base 7, what is 65 - 50?
15
In base 7, what is -24 + -4?
-31
In base 7, what is 121 - -301?
422
In base 12, what is -20 - 6?
-26
In base 3, what is 1 - 2110?
-2102
In base 3, what is 102111 + 10?
102121
In base 6, what is -5 - 33?
-42
In base 6, what is -342 - -1?
-341
In base 15, what is a + -592?
-587
In base 5, what is -143002 + 3?
-142444
In base 14, what is 3 + 10b?
110
In base 7, what is 1 - -44?
45
In base 13, what is 1 + -8bb?
-8ba
In base 10, what is -28 + -2?
-30
In base 9, what is 506 + -5?
501
In base 14, what is 3 - -52?
55
In base 13, what is 127 - 3?
124
In base 6, what is -15 + -112?
-131
In base 5, what is -423 - -10?
-413
In base 8, what is 2162 - 22?
2140
In base 15, what is -5 - 2?
-7
In bas